{"id":391,"date":"2021-11-18T22:44:33","date_gmt":"2021-11-19T01:44:33","guid":{"rendered":"http:\/\/barterritoriosertanejo.com.br\/?page_id=391"},"modified":"2021-11-20T23:49:24","modified_gmt":"2021-11-21T02:49:24","slug":"cardapio-digital","status":"publish","type":"page","link":"https:\/\/barterritoriosertanejo.com.br\/index.php\/cardapio-digital\/","title":{"rendered":"Card\u00e1pio Digital"},"content":{"rendered":"\t\t<div data-elementor-type=\"wp-page\" data-elementor-id=\"391\" class=\"elementor elementor-391\">\n\t\t\t\t\t\t<section class=\"elementor-section elementor-top-section elementor-element elementor-element-613b7b46 elementor-section-boxed elementor-section-height-default elementor-section-height-default\" data-id=\"613b7b46\" data-element_type=\"section\">\n\t\t\t\t\t\t<div class=\"elementor-container elementor-column-gap-default\">\n\t\t\t\t\t<div class=\"elementor-column elementor-col-100 elementor-top-column elementor-element elementor-element-72e9ad38\" data-id=\"72e9ad38\" data-element_type=\"column\">\n\t\t\t<div class=\"elementor-widget-wrap elementor-element-populated\">\n\t\t\t\t\t\t<div class=\"elementor-element elementor-element-dcc1700 elementor-widget elementor-widget-heading\" data-id=\"dcc1700\" data-element_type=\"widget\" data-widget_type=\"heading.default\">\n\t\t\t\t<div class=\"elementor-widget-container\">\n\t\t\t<style>\/*! elementor - v3.19.0 - 05-02-2024 *\/\n.elementor-heading-title{padding:0;margin:0;line-height:1}.elementor-widget-heading .elementor-heading-title[class*=elementor-size-]>a{color:inherit;font-size:inherit;line-height:inherit}.elementor-widget-heading .elementor-heading-title.elementor-size-small{font-size:15px}.elementor-widget-heading .elementor-heading-title.elementor-size-medium{font-size:19px}.elementor-widget-heading .elementor-heading-title.elementor-size-large{font-size:29px}.elementor-widget-heading .elementor-heading-title.elementor-size-xl{font-size:39px}.elementor-widget-heading .elementor-heading-title.elementor-size-xxl{font-size:59px}<\/style><h2 class=\"elementor-heading-title elementor-size-default\">FA\u00c7A SEU PEDIDO COM GAR\u00c7OM<\/h2>\t\t<\/div>\n\t\t\t\t<\/div>\n\t\t\t\t\t<\/div>\n\t\t<\/div>\n\t\t\t\t\t<\/div>\n\t\t<\/section>\n\t\t\t\t<section class=\"elementor-section elementor-top-section elementor-element elementor-element-7703c52 elementor-section-boxed elementor-section-height-default elementor-section-height-default\" data-id=\"7703c52\" data-element_type=\"section\">\n\t\t\t\t\t\t<div class=\"elementor-container elementor-column-gap-default\">\n\t\t\t\t\t<div class=\"elementor-column elementor-col-100 elementor-top-column elementor-element elementor-element-324d676\" data-id=\"324d676\" data-element_type=\"column\">\n\t\t\t<div class=\"elementor-widget-wrap elementor-element-populated\">\n\t\t\t\t\t\t<div class=\"elementor-element elementor-element-8b7da2d elementor-widget elementor-widget-image\" data-id=\"8b7da2d\" data-element_type=\"widget\" data-widget_type=\"image.default\">\n\t\t\t\t<div class=\"elementor-widget-container\">\n\t\t\t<style>\/*! elementor - v3.19.0 - 05-02-2024 *\/\n.elementor-widget-image{text-align:center}.elementor-widget-image a{display:inline-block}.elementor-widget-image a img[src$=\".svg\"]{width:48px}.elementor-widget-image img{vertical-align:middle;display:inline-block}<\/style>\t\t\t\t\t\t\t\t\t\t<img fetchpriority=\"high\" decoding=\"async\" width=\"394\" height=\"1024\" src=\"https:\/\/barterritoriosertanejo.com.br\/wp-content\/uploads\/2021\/11\/PARTE-1-394x1024.png\" class=\"attachment-large size-large wp-image-414\" alt=\"\" srcset=\"https:\/\/barterritoriosertanejo.com.br\/wp-content\/uploads\/2021\/11\/PARTE-1-394x1024.png 394w, https:\/\/barterritoriosertanejo.com.br\/wp-content\/uploads\/2021\/11\/PARTE-1-116x300.png 116w, https:\/\/barterritoriosertanejo.com.br\/wp-content\/uploads\/2021\/11\/PARTE-1.png 493w\" sizes=\"(max-width: 394px) 100vw, 394px\" \/>\t\t\t\t\t\t\t\t\t\t\t\t\t<\/div>\n\t\t\t\t<\/div>\n\t\t\t\t<div class=\"elementor-element elementor-element-213cd8c elementor-widget elementor-widget-image\" data-id=\"213cd8c\" data-element_type=\"widget\" data-widget_type=\"image.default\">\n\t\t\t\t<div class=\"elementor-widget-container\">\n\t\t\t\t\t\t\t\t\t\t\t\t\t<img decoding=\"async\" width=\"394\" height=\"776\" src=\"https:\/\/barterritoriosertanejo.com.br\/wp-content\/uploads\/2021\/11\/soft-2.jpg\" class=\"attachment-large size-large wp-image-435\" alt=\"\" srcset=\"https:\/\/barterritoriosertanejo.com.br\/wp-content\/uploads\/2021\/11\/soft-2.jpg 394w, https:\/\/barterritoriosertanejo.com.br\/wp-content\/uploads\/2021\/11\/soft-2-152x300.jpg 152w\" sizes=\"(max-width: 394px) 100vw, 394px\" \/>\t\t\t\t\t\t\t\t\t\t\t\t\t<\/div>\n\t\t\t\t<\/div>\n\t\t\t\t\t<\/div>\n\t\t<\/div>\n\t\t\t\t\t<\/div>\n\t\t<\/section>\n\t\t\t\t<section class=\"elementor-section elementor-top-section elementor-element elementor-element-84bc13c elementor-section-boxed elementor-section-height-default elementor-section-height-default\" data-id=\"84bc13c\" data-element_type=\"section\">\n\t\t\t\t\t\t<div class=\"elementor-container elementor-column-gap-default\">\n\t\t\t\t\t<div class=\"elementor-column elementor-col-100 elementor-top-column elementor-element elementor-element-6036356\" data-id=\"6036356\" data-element_type=\"column\">\n\t\t\t<div class=\"elementor-widget-wrap elementor-element-populated\">\n\t\t\t\t\t\t<div class=\"elementor-element elementor-element-2a9b268 elementor-widget elementor-widget-image\" data-id=\"2a9b268\" data-element_type=\"widget\" data-widget_type=\"image.default\">\n\t\t\t\t<div class=\"elementor-widget-container\">\n\t\t\t\t\t\t\t\t\t\t\t\t\t<img decoding=\"async\" width=\"370\" height=\"1024\" src=\"https:\/\/barterritoriosertanejo.com.br\/wp-content\/uploads\/2021\/11\/PT3-370x1024.png\" class=\"attachment-large size-large wp-image-428\" alt=\"\" srcset=\"https:\/\/barterritoriosertanejo.com.br\/wp-content\/uploads\/2021\/11\/PT3-370x1024.png 370w, https:\/\/barterritoriosertanejo.com.br\/wp-content\/uploads\/2021\/11\/PT3.png 463w\" sizes=\"(max-width: 370px) 100vw, 370px\" \/>\t\t\t\t\t\t\t\t\t\t\t\t\t<\/div>\n\t\t\t\t<\/div>\n\t\t\t\t<div class=\"elementor-element elementor-element-c99e96e elementor-widget elementor-widget-heading\" data-id=\"c99e96e\" data-element_type=\"widget\" data-widget_type=\"heading.default\">\n\t\t\t\t<div class=\"elementor-widget-container\">\n\t\t\t<h2 class=\"elementor-heading-title elementor-size-default\">PROMO\u00c7\u00d5ES<\/h2>\t\t<\/div>\n\t\t\t\t<\/div>\n\t\t\t\t<div class=\"elementor-element elementor-element-fc169bf elementor-widget elementor-widget-image\" data-id=\"fc169bf\" data-element_type=\"widget\" data-widget_type=\"image.default\">\n\t\t\t\t<div class=\"elementor-widget-container\">\n\t\t\t\t\t\t\t\t\t\t\t\t\t<img loading=\"lazy\" decoding=\"async\" width=\"370\" height=\"1024\" src=\"https:\/\/barterritoriosertanejo.com.br\/wp-content\/uploads\/2021\/11\/PARTE-3-370x1024.png\" class=\"attachment-large size-large wp-image-423\" alt=\"\" srcset=\"https:\/\/barterritoriosertanejo.com.br\/wp-content\/uploads\/2021\/11\/PARTE-3-370x1024.png 370w, https:\/\/barterritoriosertanejo.com.br\/wp-content\/uploads\/2021\/11\/PARTE-3.png 463w\" sizes=\"(max-width: 370px) 100vw, 370px\" \/>\t\t\t\t\t\t\t\t\t\t\t\t\t<\/div>\n\t\t\t\t<\/div>\n\t\t\t\t<div class=\"elementor-element elementor-element-6b9b01d elementor-widget elementor-widget-image\" data-id=\"6b9b01d\" data-element_type=\"widget\" data-widget_type=\"image.default\">\n\t\t\t\t<div class=\"elementor-widget-container\">\n\t\t\t\t\t\t\t\t\t\t\t\t\t<img loading=\"lazy\" decoding=\"async\" width=\"370\" height=\"1024\" src=\"https:\/\/barterritoriosertanejo.com.br\/wp-content\/uploads\/2021\/11\/54-370x1024.png\" class=\"attachment-large size-large wp-image-424\" alt=\"\" srcset=\"https:\/\/barterritoriosertanejo.com.br\/wp-content\/uploads\/2021\/11\/54-370x1024.png 370w, https:\/\/barterritoriosertanejo.com.br\/wp-content\/uploads\/2021\/11\/54.png 463w\" sizes=\"(max-width: 370px) 100vw, 370px\" \/>\t\t\t\t\t\t\t\t\t\t\t\t\t<\/div>\n\t\t\t\t<\/div>\n\t\t\t\t\t<\/div>\n\t\t<\/div>\n\t\t\t\t\t<\/div>\n\t\t<\/section>\n\t\t\t\t<\/div>\n\t\t","protected":false},"excerpt":{"rendered":"<p>FA\u00c7A SEU PEDIDO COM GAR\u00c7OM PROMO\u00c7\u00d5ES<\/p>\n","protected":false},"author":1,"featured_media":0,"parent":0,"menu_order":0,"comment_status":"closed","ping_status":"closed","template":"","meta":{"om_disable_all_campaigns":false,"_monsterinsights_skip_tracking":false,"_monsterinsights_sitenote_active":false,"_monsterinsights_sitenote_note":"","_monsterinsights_sitenote_category":0,"footnotes":""},"class_list":["post-391","page","type-page","status-publish","hentry"],"aioseo_notices":[],"_links":{"self":[{"href":"https:\/\/barterritoriosertanejo.com.br\/index.php\/wp-json\/wp\/v2\/pages\/391","targetHints":{"allow":["GET"]}}],"collection":[{"href":"https:\/\/barterritoriosertanejo.com.br\/index.php\/wp-json\/wp\/v2\/pages"}],"about":[{"href":"https:\/\/barterritoriosertanejo.com.br\/index.php\/wp-json\/wp\/v2\/types\/page"}],"author":[{"embeddable":true,"href":"https:\/\/barterritoriosertanejo.com.br\/index.php\/wp-json\/wp\/v2\/users\/1"}],"replies":[{"embeddable":true,"href":"https:\/\/barterritoriosertanejo.com.br\/index.php\/wp-json\/wp\/v2\/comments?post=391"}],"version-history":[{"count":29,"href":"https:\/\/barterritoriosertanejo.com.br\/index.php\/wp-json\/wp\/v2\/pages\/391\/revisions"}],"predecessor-version":[{"id":438,"href":"https:\/\/barterritoriosertanejo.com.br\/index.php\/wp-json\/wp\/v2\/pages\/391\/revisions\/438"}],"wp:attachment":[{"href":"https:\/\/barterritoriosertanejo.com.br\/index.php\/wp-json\/wp\/v2\/media?parent=391"}],"curies":[{"name":"wp","href":"https:\/\/api.w.org\/{rel}","templated":true}]}}